{"id":190,"date":"2019-08-13T17:23:11","date_gmt":"2019-08-13T15:23:11","guid":{"rendered":"https:\/\/ivar-schmutz-schwaller.de\/?page_id=190"},"modified":"2024-08-28T12:46:43","modified_gmt":"2024-08-28T10:46:43","slug":"kontakt","status":"publish","type":"page","link":"https:\/\/ivar-schmutz-schwaller.de\/?page_id=190","title":{"rendered":"Das Marquartstein Institut"},"content":{"rendered":"<table style=\"border-collapse: collapse; width: 100%;\">\n<tbody>\n<tr>\n<td style=\"width: 100%;\">\u00a0<\/td>\n<\/tr>\n<\/tbody>\n<\/table>\n\n\n<p class=\"has-background\" style=\"background-color:#abb7c270\">Um ihre Ziele zu erreichen, braucht das Marquartstein Institut Ihre Unterst\u00fctzung, und dankt Ihnen im Voraus f\u00fcr Ihre Gro\u00dfz\u00fcgigkeit. Das Institut kann keine Spendenquittung ausstellen.<br>Spenden k\u00f6nnen auf das folgende Bankkonto bei der Postbank \u00fcberwiesen werden!<br>Namen: Marie-Violaine Trentesaux<br>IBAN: DE87 3701 0050 0320 4815 09<\/p>\n\n\n\n<p class=\"has-background\" style=\"background-color:#abb7c270\">To achieve its goals, the Marquartstein Institute needs your support, and thanks you in advance for your generosity. The Institute cannot issue a donation receipt.<br>Donations can be made to the following bank account at Postbank: <br>Marie-Violaine Trentesaux<br>IBAN: DE87 3701 0050 0320 4815 09<\/p>\n\n\n\n<p>Das Marquartstein Institut ist ein wissenschaftliches Institut, das sich zur Aufgabe gemacht hat, die Gesamtheit des musikalischen Nachlasses des Forschers Ivar Schmutz-Schwaller zu systematisieren und der \u00d6ffentlichkeit zug\u00e4nglich zu machen. Ivar Schmutz-Schwaller hat sich nicht nur mit der Musik von religi\u00f6sen Gemeinschaften aus dem Nahost befasst, sondern dar\u00fcber hinaus auch Musik aus ganz anderen Traditionen der Welt erforscht. Das&nbsp;Marquartstein Institut wurde von&nbsp;Violaine Trentesaux M.A.&nbsp;nach Ivars Tod gegr\u00fcndet.&nbsp;<\/p>\n\n\n\n<p>Das Institut jetzt von\u00a0 drei\u00a0 Personen geleitet :\u00a0 von der Gr\u00fcnderin\u00a0Violaine Trentesaux\u00a0und ihrem Ehemann K\u014dji Mochizuki und von einem Freund von Ivar, Johannes Mockenhaupt. Der libanesische M\u00f6nch, Charbel Abou Kheir,\u00a0OMM, ist Mitglied des Instituts, das\u00a0er durch sein Engagement und seine vielf\u00e4ltigen Kenntnisse unterst\u00fctzt.<\/p>\n\n\n\n<p>&nbsp; &nbsp; Es ist eine winzige unabh\u00e4ngige Einrichtung, die sich als Ziel gesetzt hat, die in Syrien und Libanon gemachten Aufnahmen, die Forschungsergebnisse (MRAD-Theorie) und den wissenschaftlichen Nachlass des Forschers&nbsp;Ivar Schmutz-Schwaller&nbsp;zu ver\u00f6ffentlichen und der Forschung zur Verf\u00fcgung zu stellen. &nbsp; Das Dorf Marquartstein liegt in Bayern und ist der Ort, an dem der ber\u00fchmte Musikethnologe Marius Schneider zuletzt sein Leben verbracht hat. Schneider unterrichtete Musikethnologie an der Universit\u00e4t zu K\u00f6ln und war der Lehrer von Ivar Schmutz-Schwaller, der ihn sehr verehrte. Demzufolge nannte Ivar seine Arbeitsgruppe \u201eMarquartstein Institut\u201d.&nbsp;<\/p>\n\n\n\n<p>Das Institut hat keinerlei finanzielle Unterst\u00fctzung und wird privat finanziert.&nbsp;<\/p>\n\n\n\n<p>Ivar hatte nur eine Schwester,&nbsp;Dolores Schmutz. Nach seinem Tod hat sie dem&nbsp;Marquartstein Institut&nbsp;vertraglich alle Rechte \u00fcber den wissenschaftlichen Nachlass ihres Bruders \u00fcbertragen. &nbsp;&nbsp; &nbsp;<br><br>Who we are: the Marquartstein Institute. &nbsp;Contact The Marquartstein Institute is a scientific institute that has set itself the task of systematising the entire musical legacy of the researcher Ivar Schmutz-Schwaller and making it accessible to the public. Ivar Schmutz-Schwaller has not only dealt with the music of religious communities from the Middle East but has also researched music from completely different traditions of the world.&nbsp;<\/p>\n\n\n\n<p>The Marquartstein Institute was founded by Violaine Trentesaux M.A. after Ivar&#8217;s death. The Institute is now run by three people: the founder Violaine Trentesaux and her husband K\u014dji Mochizuki and a friend of Ivar, Johannes Mockenhaupt. The Lebanese monk, Charbel Abou Kheir, OMM, is a member of the Institute, which he supports through his commitment and his diverse knowledge.\u00a0 It is a tiny independent institution that has set itself the goal of publishing the recordings made in Syria and Lebanon, the research results (MRAD theory) and the scientific legacy of the researcher Ivar Schmutz-Schwaller and making them available for research.\u00a0 The Institute sees itself as religiously and ideologically unaffiliated and is dedicated exclusively to the musicological results and methods compiled by Ivar Schmutz-Schwaller. The village of Marquartstein is in Bavaria and is the place where the famous ethnomusicologist Marius Schneider last spent his life. Schneider taught ethnomusicology at the University of Cologne and was the teacher of Ivar Schmutz-Schwaller, who greatly admired him. Accordingly, Ivar named his research group the &#8222;Marquartstein Institute&#8220;. The institute has no financial support and is privately funded. Ivar had only one sister, Dolores Schmutz. After his death, she transferred all rights over her brother&#8217;s scientific estate to the Marquartstein Institute by contract.<\/p>\n\n\n\n<h4 class=\"wp-block-heading\">Wer wir sind: das <em>Marquartstein Institut<\/em> &#8211; <a href=\"https:\/\/ivar-schmutz-schwaller.de\/?page_id=289\">Kontakt<\/a><\/h4>\n\n\n<div class=\"wp-block-image\">\n<figure class=\"aligncenter\"><img decoding=\"async\" width=\"150\" height=\"210\" src=\"https:\/\/ivar-schmutz-schwaller.de\/wp-content\/uploads\/2019\/08\/220px-MariusSchneider-a-e1567103842469.jpg\" alt=\"Marius Marius Schneider\" class=\"wp-image-475\"\/><figcaption class=\"wp-element-caption\"><a href=\"https:\/\/de.wikipedia.org\/wiki\/Marius_Schneider\">Marius Schneider<\/a><\/figcaption><\/figure>\n<\/div>\n\n\n<p><a href=\"https:\/\/de.wikipedia.org\/wiki\/Marius_Schneider\">https:\/\/de.wikipedia.org\/wiki\/Marius_Schneider<\/a><\/p>\n\n\n\n<p><a href=\"https:\/\/fr.wikipedia.org\/wiki\/Marius_Schneider\">https:\/\/fr.wikipedia.org\/wiki\/Marius_Schneider<\/a><\/p>\n\n\n\n<h2 class=\"wp-block-heading\">Violaine Trentesaux Mochizuki M.A.<\/h2>\n\n\n\n<p>&nbsp;<\/p>\n\n\n\n<p><strong>Violaine Trentesaux, M.A.<\/strong>, ist in Frankreich geboren. Mit 19 entschied sie sich, in Freiburg im Breisgau in Deutschland u.a. Musikwissenschaft zu studieren. Anschlie\u00dfend studierte sie Musikethnologie, Japanologie und Romanistik an der K\u00f6lner Universit\u00e4t und schloss mit dem Magister Artium ab. Nachher wechselte sie zur Bonner Universit\u00e4t, wo sie Japanologie studierte.<\/p>\n\n\n\n<p>Sie spielt u.a. die <em>Hichiriki<\/em>-Oboe im <em>K\u00f6lner Gagaku Ensemble<\/em>, einem Orchester, das japanischen Hofmusik spielt. Das Orchester wurde 2000 an der K\u00f6lner Universit\u00e4t gegr\u00fcndet.<br>Sie ist auch als Japanologin und als \u00dcbersetzerin f\u00fcr Deutsch, Japanisch, Franz\u00f6sisch und Englisch t\u00e4tig.<\/p>\n\n\n\n<p>Sie hat Ivar 1980 nach seiner R\u00fcckkehr aus dem Libanon kennengelernt und war Jahre lang seine einzige Sch\u00fclerin. Fasziniert von Ivars Musiktheorie, hat sie diese auf japanische Musik angewandt. Nach seinem Hinscheiden im Jahr 1999 hat sie sich entschieden, mit dem offiziellen und vertraglichen Einverst\u00e4ndnis von Dolores Schmutz, der einzigen Schwester von Ivar Schmutz-Schwaller, seinen ganzen Nachlass zu \u00fcbernehmen und gr\u00fcndete das <em>Marquartstein Institut<\/em>. <br><br>Die Mehrzahl der Fotos wurde von ihr u.a. 2018 in den Libanon gemacht.<\/p>\n\n\n\n<p>Das Marquartstein Institut ist ein wissenschaftliches Institut, das sich zur Aufgabe gemacht hat, die Gesamtheit des musikalischen Nachlasses des Forschers Ivar Schmutz-Schwaller zu systematisieren und der \u00d6ffentlichkeit zug\u00e4nglich zu machen. Ivar Schmutz-Schwaller hat sich nicht nur mit der Musik von religi\u00f6sen Gemeinschaften aus dem Nahost befasst, sondern dar\u00fcber hinaus auch Musik aus ganz anderen Traditionen der Welt erforscht. Das&nbsp;Marquartstein Institut wurde von&nbsp;Violaine Trentesaux M.A.&nbsp;nach Ivars Tod gegr\u00fcndet.&nbsp;<\/p>\n\n\n\n<p>Das Institut jetzt von&nbsp; drei&nbsp; Personen geleitet :&nbsp; von der Gr\u00fcnderin&nbsp;Violaine Trentesaux&nbsp;und ihrem Ehemann K\u014dji Mochizuki und von einem Freund von Ivar, Johannes Mockenhaupt. Der libanesische M\u00f6nch, Charbel Abou Kheir,&nbsp;OMM, bleibt Mitglied des Instituts, das&nbsp;er durch sein Engagement und seine vielf\u00e4ltigen Kenntnisse unterst\u00fctzt.<\/p>\n\n\n\n<p>&nbsp; &nbsp; Es ist eine winzige unabh\u00e4ngige Einrichtung, die sich als Ziel gesetzt hat, die in Syrien und Libanon gemachten Aufnahmen, die Forschungsergebnisse (MRAD-Theorie) und den wissenschaftlichen Nachlass des Forschers&nbsp;Ivar Schmutz-Schwaller&nbsp;zu ver\u00f6ffentlichen und der Forschung zur Verf\u00fcgung zu stellen. &nbsp; Das Dorf Marquartstein liegt in Bayern und ist der Ort, an dem der ber\u00fchmte Musikethnologe Marius Schneider zuletzt sein Leben verbracht hat. Schneider unterrichtete Musikethnologie an der Universit\u00e4t zu K\u00f6ln und war der Lehrer von Ivar Schmutz-Schwaller, der ihn sehr verehrte. Demzufolge nannte Ivar seine Arbeitsgruppe \u201eMarquartstein Institut\u201d.&nbsp;<\/p>\n\n\n\n<p>Das Institut hat keinerlei finanzielle Unterst\u00fctzung und wird privat finanziert.&nbsp;<\/p>\n\n\n\n<p>Ivar hatte nur eine Schwester,&nbsp;Dolores Schmutz. Nach seinem Tod hat sie dem&nbsp;Marquartstein Institut&nbsp;vertraglich alle Rechte \u00fcber den wissenschaftlichen Nachlass ihres Bruders \u00fcbertragen. &nbsp;&nbsp; &nbsp; Who we are: the Marquartstein Institute. &nbsp;Contact The Marquartstein Institute is a scientific institute that has set itself the task of systematising the entire musical legacy of the researcher Ivar Schmutz-Schwaller and making it accessible to the public. Ivar Schmutz-Schwaller has not only dealt with the music of religious communities from the Middle East but has also researched music from completely different traditions of the world.&nbsp;<\/p>\n\n\n\n<p>The Marquartstein Institute was founded by Violaine Trentesaux M.A. after Ivar&#8217;s death. The Institute is now run by three people: the founder Violaine Trentesaux and her husband K\u014dji Mochizuki and a friend of Ivar, Johannes Mockenhaupt. The Lebanese monk, Charbel Abou Kheir, OMM, remains a member of the Institute, which he supports through his commitment and his diverse knowledge.&nbsp; It is a tiny independent institution that has set itself the goal of publishing the recordings made in Syria and Lebanon, the research results (MRAD theory) and the scientific legacy of the researcher Ivar Schmutz-Schwaller and making them available for research.&nbsp; The Institute sees itself as religiously and ideologically unaffiliated and is dedicated exclusively to the musicological results and methods compiled by Ivar Schmutz-Schwaller. The village of Marquartstein is in Bavaria and is the place where the famous ethnomusicologist Marius Schneider last spent his life. Schneider taught ethnomusicology at the University of Cologne and was the teacher of Ivar Schmutz-Schwaller, who greatly admired him. Accordingly, Ivar named his research group the &#8222;Marquartstein Institute&#8220;. The institute has no financial support and is privately funded. Ivar had only one sister, Dolores Schmutz. After his death, she transferred all rights over her brother&#8217;s scientific estate to the Marquartstein Institute by contract.<\/p>\n\n\n\n<p class=\"has-background\" style=\"background-color:#e5c56d\">&nbsp;<\/p>\n\n\n\n<h2 class=\"wp-block-heading\">Mitarbeiter und Kollegen<\/h2>\n\n\n\n<p>Das Institut Marquartstein m\u00f6chte sich zutiefst bei den libanesischen Kollegen bedankten, die immer wieder mit ihren Ratschl\u00e4gen und Fachkenntnissen dem Institut zur Seite stehen. Ohne sie w\u00e4ren vieles nicht m\u00f6glich.<br><br>Anderseits m\u00f6chte sich das Institut auch bei den Jugendfreunden von Ivar Schmutz-Schwaller bedanken, die wertvolle Informationen und Hinweise \u00fcber die Zeit vor K\u00f6ln.<\/p>\n","protected":false},"excerpt":{"rendered":"<p>\u00a0 Um ihre Ziele zu erreichen, braucht das Marquartstein Institut Ihre Unterst\u00fctzung, und dankt Ihnen im Voraus f\u00fcr Ihre Gro\u00dfz\u00fcgigkeit. Das Institut kann keine Spendenquittung ausstellen.Spenden k\u00f6nnen auf das folgende Bankkonto bei der Postbank \u00fcberwiesen werden!Namen: Marie-Violaine TrentesauxIBAN: DE87 3701 0050 0320 4815 09 To achieve its goals, the Marquartstein Institute needs your support, and [&hellip;]<\/p>\n","protected":false},"author":1,"featured_media":0,"parent":0,"menu_order":2,"comment_status":"closed","ping_status":"closed","template":"","meta":{"footnotes":""},"class_list":["post-190","page","type-page","status-publish","hentry"],"_links":{"self":[{"href":"https:\/\/ivar-schmutz-schwaller.de\/index.php?rest_route=\/wp\/v2\/pages\/190","targetHints":{"allow":["GET"]}}],"collection":[{"href":"https:\/\/ivar-schmutz-schwaller.de\/index.php?rest_route=\/wp\/v2\/pages"}],"about":[{"href":"https:\/\/ivar-schmutz-schwaller.de\/index.php?rest_route=\/wp\/v2\/types\/page"}],"author":[{"embeddable":true,"href":"https:\/\/ivar-schmutz-schwaller.de\/index.php?rest_route=\/wp\/v2\/users\/1"}],"replies":[{"embeddable":true,"href":"https:\/\/ivar-schmutz-schwaller.de\/index.php?rest_route=%2Fwp%2Fv2%2Fcomments&post=190"}],"version-history":[{"count":91,"href":"https:\/\/ivar-schmutz-schwaller.de\/index.php?rest_route=\/wp\/v2\/pages\/190\/revisions"}],"predecessor-version":[{"id":3476,"href":"https:\/\/ivar-schmutz-schwaller.de\/index.php?rest_route=\/wp\/v2\/pages\/190\/revisions\/3476"}],"wp:attachment":[{"href":"https:\/\/ivar-schmutz-schwaller.de\/index.php?rest_route=%2Fwp%2Fv2%2Fmedia&parent=190"}],"curies":[{"name":"wp","href":"https:\/\/api.w.org\/{rel}","templated":true}]}}