{"id":156,"date":"2019-08-13T14:43:41","date_gmt":"2019-08-13T12:43:41","guid":{"rendered":"https:\/\/ivar-schmutz-schwaller.de\/?page_id=156"},"modified":"2026-01-23T19:34:11","modified_gmt":"2026-01-23T18:34:11","slug":"home","status":"publish","type":"page","link":"https:\/\/ivar-schmutz-schwaller.de\/","title":{"rendered":"Home"},"content":{"rendered":"\n<figure class=\"wp-block-image\"><img fetchpriority=\"high\" decoding=\"async\" width=\"1024\" height=\"680\" src=\"https:\/\/ivar-schmutz-schwaller.de\/wp-content\/uploads\/2019\/10\/DSC_0007-1-1024x680.jpg\" alt=\"\" class=\"wp-image-1071\" srcset=\"https:\/\/ivar-schmutz-schwaller.de\/wp-content\/uploads\/2019\/10\/DSC_0007-1-1024x680.jpg 1024w, https:\/\/ivar-schmutz-schwaller.de\/wp-content\/uploads\/2019\/10\/DSC_0007-1-300x199.jpg 300w, https:\/\/ivar-schmutz-schwaller.de\/wp-content\/uploads\/2019\/10\/DSC_0007-1-768x510.jpg 768w, https:\/\/ivar-schmutz-schwaller.de\/wp-content\/uploads\/2019\/10\/DSC_0007-1-660x438.jpg 660w, https:\/\/ivar-schmutz-schwaller.de\/wp-content\/uploads\/2019\/10\/DSC_0007-1-1000x664.jpg 1000w, https:\/\/ivar-schmutz-schwaller.de\/wp-content\/uploads\/2019\/10\/DSC_0007-1-373x248.jpg 373w\" sizes=\"(max-width: 1024px) 100vw, 1024px\" \/><figcaption class=\"wp-element-caption\">Die Libanon-Zeder: Symbol des Libanon<\/figcaption><\/figure>\n\n\n\n<p>&nbsp;<\/p>\n\n\n\n<h2 class=\"wp-block-heading has-text-align-center\">Aufnahmet\u00e4tigkeit im Libanon und in Syrien 1972<\/h2>\n\n\n<p class=\"has-drop-cap has-black-color has-text-color\"><strong><a href=\"https:\/\/ivar-schmutz-schwaller.de\/?page_id=496\">Ivar M. Schmutz-Schwaller<\/a><\/strong> (1935-1999) war ein Musikforscher aus der Schweiz, der im Jahre 1972 im <strong>Libanon\u00a0<\/strong>und in<strong> Syrien<\/strong> ausgedehnte Musikforschungen betrieben hat. Dort hat er mit dem Tonbandger\u00e4t UHER 4400 Report Stereo zahlreiche Aufnahmen gemacht. Ich dachte die ganzen Jahre, Ivar h\u00e4tte mit seinem gro\u00dfen REVOX A 77 die Musik aufgenommen &#8211; zu der Zeit der Star unter den Aufnahmeger\u00e4ten, das er f\u00fcr die Arbeit in seinem B\u00fcro benutzte, aber Ende Juli 2023 zeigte mir der Musiker Nouri Iskandar, den Ivar in Aleppo 1972 getroffen hat, mit den H\u00e4nden die Gr\u00f6\u00dfe des Tonbandger\u00e4ts, das Ivar benutzte. Es war eindeutig das UHER 4400 Report Stereo, das er auch in seinem Arbeitszimmer hatte.<\/p>\n<figure id=\"attachment_3489\" aria-describedby=\"caption-attachment-3489\" style=\"width: 300px\" class=\"wp-caption aligncenter\"><img decoding=\"async\" class=\"size-medium wp-image-3489\" src=\"https:\/\/ivar-schmutz-schwaller.de\/wp-content\/uploads\/2026\/01\/s-l1600-300x177.png\" alt=\"\" width=\"300\" height=\"177\" srcset=\"https:\/\/ivar-schmutz-schwaller.de\/wp-content\/uploads\/2026\/01\/s-l1600-300x177.png 300w, https:\/\/ivar-schmutz-schwaller.de\/wp-content\/uploads\/2026\/01\/s-l1600-768x452.png 768w, https:\/\/ivar-schmutz-schwaller.de\/wp-content\/uploads\/2026\/01\/s-l1600.png 1004w\" sizes=\"(max-width: 300px) 100vw, 300px\" \/><figcaption id=\"caption-attachment-3489\" class=\"wp-caption-text\">\u00a0 \u00a0 \u00a0 \u00a0 \u00a0 \u00a0 \u00a0 \u00a0 \u00a0 \u00a0 \u00a0 \u00a0 \u00a0 \u00a0 \u00a0 \u00a0 \u00a0 \u00a0 Uher 4400<\/figcaption><\/figure>\n<p class=\"has-drop-cap has-black-color has-text-color\">Ivar Schmutz-Schwaller hat ausgedehnte historische Aufnahmen von namhaften S\u00e4ngern und Traditionen der maronitischen und <a href=\"https:\/\/ivar-schmutz-schwaller.de\/?p=1619\">altsyrischen<\/a> Tradition gemacht, die bis jetzt ber\u00fchmtesten davon sind die Ges\u00e4nge mit dem S\u00e4nger <a href=\"https:\/\/ivar-schmutz-schwaller.de\/?p=670\">Maroun Mrad<\/a>. Die Forschung wurde weitgehend von der Deutschen Forschungsgemeinschaft erm\u00f6glicht und gef\u00f6rdert.<br \/>Nach seiner R\u00fcckkehr hat Ivar Schmutz-Schwaller alle Tonb\u00e4nder in seiner Wohnung in K\u00f6ln gehortet und nicht mehr benutzt, au\u00dfer diejenigen von Maroun Mrad, die er f\u00fcr die Entwicklung der MRAD-Theorie benutzte.\u00a0<br \/>Sie wurden nach seinem Tod vom <a href=\"https:\/\/ivar-schmutz-schwaller.de\/?tag=violaine-trentesaux-mochizuki\" data-type=\"post_tag\" data-id=\"21\">Violaine T<\/a><a href=\"https:\/\/ivar-schmutz-schwaller.de\/?page_id=190\" data-type=\"page\" data-id=\"190\">rentesaux Mochizuki<\/a> vom <a href=\"https:\/\/ivar-schmutz-schwaller.de\/?page_id=190\" data-type=\"page\" data-id=\"190\">Institut Marquartstein <\/a>wieder entdeckt, mit professioneller Ausr\u00fcstung von <strong>Digigram<\/strong> digitalisiert, und auf 67 CDS kopiert. Sie hat sehr lange mit ihm gearbeitet und von ihm die MRAD-Methode gelernt. \u00a0Professor R\u00fcdiger Schuhmacher, Musikethnologe an der Universit\u00e4t zu K\u00f6ln, der zu der Zeit ihr Doktorvater war, empfiehl ihr Professor Louis Hage der libanesischen Universit\u00e4t Kaslik zu kontaktieren. Dieser war \u00fcber den Fund sehr erfreut und reiste rasch nach K\u00f6ln ein, um eine komplette Kopie der Sammlung im Empfang zu nehmen. Innerhalb von 5 vertraglich festgelegten Jahren, wurde die Sammlung in Kaslik analysiert, erfasst und in zwei B\u00e4nde beschrieben. Seit 2008 werden diese Aufnahmen in der Fachwelt benutzt und weiter gereicht. Leider wurde in den Katalogen vergessen, dass nicht Ivar die Tonb\u00e4nder digitalisiert hat, sondern Violaine Trentesaux Mochizuki.<\/p>\n\n\n<p class=\"has-luminous-vivid-orange-color has-text-color\"><strong>All recordings are available. Feel free to contact the Institute directly.<\/strong> The list of recordings are in the <a href=\"https:\/\/ivar-schmutz-schwaller.de\/?page_id=350\">catalogues<\/a>, which can be downloaded.<\/p>\n\n\n\n<h4 class=\"wp-block-heading has-text-align-right\">Geografischer Standort der <a href=\"https:\/\/ivar-schmutz-schwaller.de\/?page_id=350\" target=\"_blank\" rel=\"noreferrer noopener\">Aufnahmen<\/a><\/h4>\n\n\n\n<p><a href=\"https:\/\/ivar-schmutz-schwaller.de\/?p=2487\">Geografical location of the recordings (englisch)<\/a><\/p>\n\n\n\n\n<p class=\"has-drop-cap has-text-align-left\">Der konkrete geografische Standort, von wo aus sich die Studien orientieren, sind Osttraditionen auf altsyrischer Basis, besonders D\u00f6rfer der nord\u00f6stlichen Libanon-Berge. Den Anlass f\u00fcr weitere zusammenh\u00e4ngende Einzeluntersuchungen haben Grundges\u00e4nge aus syro-maronitischen Liturgien gegeben.<\/p>\n<p class=\"has-drop-cap has-text-align-left\">Die Forschungsarbeiten wurden begleitet von einer Aufnahmet\u00e4tigkeit (im Libanon und in Syrien), die mit <strong>Weihnachten 1971 begann und im Herbst 1976<\/strong> einstweilen abgeschlossen wurde. Es sind weiterhin vor allem Sammlungen von eigenst\u00e4ndigen Kl\u00f6stern, Einzelsammlungen mit M\u00f6nchen, Priestern, Diakonen des Libanon, dann von mehreren Ortstraditionen der S\u00fcdost-T\u00fcrkei \u2013 vorwiegend in Gemeinden von Aleppo und El-Qamishlyie aufgenommen \u2013 und von Traditionen des Nord-Iraks einbezogen worden. <br \/><br \/>Die Ortstraditionen umfassen wom\u00f6glich immer die Kultges\u00e4nge des ganzen Jahres und sehr viele Ges\u00e4nge aus dem Dorfalltag, mit Frauen und M\u00e4nnern einzeln oder abwechselnd aufgezeichnet. In Syrien kommen dazu Kleinst\u00fccke, Kultges\u00e4nge des Islam und Aufnahmen mit religi\u00f6s-esoterischen Gruppen \u2013 immer mutmasslich spezifisch syrischer Tradition.<\/p>\n\n\n<p class=\"has-drop-cap\"><\/p>\n\n\n\n<p>(Text von Ivar Schmutz-Schwaller)<\/p>\n\n\n\n<p class=\"has-background has-small-font-size\" style=\"background-color:#d5b762\">&nbsp;<\/p>\n\n\n\n<div class=\"wp-block-columns is-layout-flex wp-container-core-columns-is-layout-9d6595d7 wp-block-columns-is-layout-flex\">\n<div class=\"wp-block-column is-vertically-aligned-top is-layout-flow wp-block-column-is-layout-flow\">\n<p class=\"has-text-align-center\"><em><strong> <a href=\"https:\/\/ivar-schmutz-schwaller.de\/?page_id=923\">Religionen&nbsp;<\/a>im Libanon<\/strong><\/em><\/p>\n<\/div>\n\n\n\n<div class=\"wp-block-column is-layout-flow wp-block-column-is-layout-flow\">\n<p class=\"has-text-align-center\"><em><strong><a href=\"https:\/\/ivar-schmutz-schwaller.de\/?page_id=350\">Geografische Standorte<\/a><\/strong><\/em><\/p>\n<\/div>\n<\/div>\n\n\n\n<figure class=\"wp-block-gallery has-nested-images columns-2 is-cropped aligncenter wp-block-gallery-1 is-layout-flex wp-block-gallery-is-layout-flex\">\n<figure class=\"wp-block-image size-large\"><a href=\"https:\/\/ivar-schmutz-schwaller.de\/wp-content\/uploads\/2019\/09\/CBAC1C83-DD52-49CB-9058-F2AE3403A415.jpeg\"><img decoding=\"async\" width=\"784\" height=\"1024\" data-id=\"940\" src=\"https:\/\/ivar-schmutz-schwaller.de\/wp-content\/uploads\/2019\/09\/CBAC1C83-DD52-49CB-9058-F2AE3403A415-784x1024.jpeg\" alt=\"\" class=\"wp-image-940\" srcset=\"https:\/\/ivar-schmutz-schwaller.de\/wp-content\/uploads\/2019\/09\/CBAC1C83-DD52-49CB-9058-F2AE3403A415-784x1024.jpeg 784w, https:\/\/ivar-schmutz-schwaller.de\/wp-content\/uploads\/2019\/09\/CBAC1C83-DD52-49CB-9058-F2AE3403A415-230x300.jpeg 230w, https:\/\/ivar-schmutz-schwaller.de\/wp-content\/uploads\/2019\/09\/CBAC1C83-DD52-49CB-9058-F2AE3403A415-768x1004.jpeg 768w, https:\/\/ivar-schmutz-schwaller.de\/wp-content\/uploads\/2019\/09\/CBAC1C83-DD52-49CB-9058-F2AE3403A415-660x862.jpeg 660w, https:\/\/ivar-schmutz-schwaller.de\/wp-content\/uploads\/2019\/09\/CBAC1C83-DD52-49CB-9058-F2AE3403A415-1000x1307.jpeg 1000w, https:\/\/ivar-schmutz-schwaller.de\/wp-content\/uploads\/2019\/09\/CBAC1C83-DD52-49CB-9058-F2AE3403A415.jpeg 1200w\" sizes=\"(max-width: 784px) 100vw, 784px\" \/><\/a><figcaption class=\"wp-element-caption\">Religionen in dem Libanon<\/figcaption><\/figure>\n\n\n\n<figure class=\"wp-block-image size-large\"><a href=\"https:\/\/ivar-schmutz-schwaller.de\/wp-content\/uploads\/2019\/10\/Aufnahmen-in-Libanon.jpg\"><img loading=\"lazy\" decoding=\"async\" width=\"810\" height=\"1024\" data-id=\"1083\" src=\"https:\/\/ivar-schmutz-schwaller.de\/wp-content\/uploads\/2019\/10\/Aufnahmen-in-Libanon-810x1024.jpg\" alt=\"\" class=\"wp-image-1083\" srcset=\"https:\/\/ivar-schmutz-schwaller.de\/wp-content\/uploads\/2019\/10\/Aufnahmen-in-Libanon-810x1024.jpg 810w, https:\/\/ivar-schmutz-schwaller.de\/wp-content\/uploads\/2019\/10\/Aufnahmen-in-Libanon-237x300.jpg 237w, https:\/\/ivar-schmutz-schwaller.de\/wp-content\/uploads\/2019\/10\/Aufnahmen-in-Libanon-768x971.jpg 768w, https:\/\/ivar-schmutz-schwaller.de\/wp-content\/uploads\/2019\/10\/Aufnahmen-in-Libanon-660x835.jpg 660w, https:\/\/ivar-schmutz-schwaller.de\/wp-content\/uploads\/2019\/10\/Aufnahmen-in-Libanon-1000x1265.jpg 1000w, https:\/\/ivar-schmutz-schwaller.de\/wp-content\/uploads\/2019\/10\/Aufnahmen-in-Libanon.jpg 1587w\" sizes=\"(max-width: 810px) 100vw, 810px\" \/><\/a><figcaption class=\"wp-element-caption\">Orte, wo Schmutz-Schwaller gearbeitet hat<\/figcaption><\/figure>\n<\/figure>\n\n\n\n<p class=\"has-background has-small-font-size\" style=\"background-color:#d5b762\">&nbsp;<\/p>\n\n\n\n<p class=\"has-drop-cap\">Nach dem Tod von Schmutz-Schwaller wurden die 174&nbsp;<a href=\"https:\/\/ivar-schmutz-schwaller.de\/?page_id=350\">Tonb\u00e4nder<\/a> von Violaine Trentesaux Mochizuki digitalisiert und Louis Hage, Leiter der Facult\u00e9 de Musique der Universit\u00e9 Saint Esprit Kaslik, Libanon zwecks Katalogisieren anvertraut.<\/p>\n\n\n\n<p>&nbsp;<\/p>\n\n\n\n<h2 class=\"wp-block-heading\">Das <a href=\"https:\/\/ivar-schmutz-schwaller.de\/?page_id=125\">MRAD-Verfahren<\/a> und Maroun Mrad<\/h2>\n\n\n\n<p><\/p>\n\n\n\n<p class=\"has-drop-cap\">Die Aufnahmen mit dem S\u00e4nger <a href=\"https:\/\/ivar-schmutz-schwaller.de\/?page_id=337\"><strong>Maroun Mrad<\/strong><\/a> sind f\u00fcr die Kenntnis der altsyrischen Tradition so wichtig und einmalig, dass sie schon mehrfach f\u00fcr <a href=\"https:\/\/ivar-schmutz-schwaller.de\/?page_id=840\"><strong>wissenschaftliche<\/strong> <strong>Arbeiten<\/strong> <\/a>verwendet sind und auf einen Server im Libanon hochgeladen sind.<\/p>\n\n\n\n<p>Ivar sch\u00e4tze die Interpretationen von Maroun Mrad so hoch, dass er nach seiner R\u00fcckkehr fast nur noch damit arbeitete und seine auf der Basis der altsyrischen Lieder entwickelte Musiktheorie nach ihm nannte: das <strong><a href=\"https:\/\/ivar-schmutz-schwaller.de\/?page_id=125\">MRAD-Verfahren<\/a>,<\/strong> oder die <strong>Mrad-Methode<\/strong><\/p>\n\n\n\n<p><\/p>\n\n\n\n<p class=\"has-background has-small-font-size\" style=\"background-color:#d5b762\">&nbsp;<\/p>\n","protected":false},"excerpt":{"rendered":"<p>&nbsp; Aufnahmet\u00e4tigkeit im Libanon und in Syrien 1972 Ivar M. Schmutz-Schwaller (1935-1999) war ein Musikforscher aus der Schweiz, der im Jahre 1972 im Libanon\u00a0und in Syrien ausgedehnte Musikforschungen betrieben hat. Dort hat er mit dem Tonbandger\u00e4t UHER 4400 Report Stereo zahlreiche Aufnahmen gemacht. Ich dachte die ganzen Jahre, Ivar h\u00e4tte mit seinem gro\u00dfen REVOX A [&hellip;]<\/p>\n","protected":false},"author":1,"featured_media":117,"parent":0,"menu_order":0,"comment_status":"closed","ping_status":"closed","template":"","meta":{"footnotes":""},"class_list":["post-156","page","type-page","status-publish","has-post-thumbnail","hentry"],"_links":{"self":[{"href":"https:\/\/ivar-schmutz-schwaller.de\/index.php?rest_route=\/wp\/v2\/pages\/156","targetHints":{"allow":["GET"]}}],"collection":[{"href":"https:\/\/ivar-schmutz-schwaller.de\/index.php?rest_route=\/wp\/v2\/pages"}],"about":[{"href":"https:\/\/ivar-schmutz-schwaller.de\/index.php?rest_route=\/wp\/v2\/types\/page"}],"author":[{"embeddable":true,"href":"https:\/\/ivar-schmutz-schwaller.de\/index.php?rest_route=\/wp\/v2\/users\/1"}],"replies":[{"embeddable":true,"href":"https:\/\/ivar-schmutz-schwaller.de\/index.php?rest_route=%2Fwp%2Fv2%2Fcomments&post=156"}],"version-history":[{"count":184,"href":"https:\/\/ivar-schmutz-schwaller.de\/index.php?rest_route=\/wp\/v2\/pages\/156\/revisions"}],"predecessor-version":[{"id":3596,"href":"https:\/\/ivar-schmutz-schwaller.de\/index.php?rest_route=\/wp\/v2\/pages\/156\/revisions\/3596"}],"wp:featuredmedia":[{"embeddable":true,"href":"https:\/\/ivar-schmutz-schwaller.de\/index.php?rest_route=\/wp\/v2\/media\/117"}],"wp:attachment":[{"href":"https:\/\/ivar-schmutz-schwaller.de\/index.php?rest_route=%2Fwp%2Fv2%2Fmedia&parent=156"}],"curies":[{"name":"wp","href":"https:\/\/api.w.org\/{rel}","templated":true}]}}